 - 29 + 8. Let k(w) = -2*w**2 + 6*w - 2. Calculate k(d).
-10
Let a = 2 - 1. Let s(l) = 558*l**3 + 0*l**2 - 544*l**3 + l**2. Give s(a).
15
Let i(p) = -12*p + 2 - 4*p - 4 + 15*p. What is i(-5)?
3
Suppose -5*j + 1 = -9. Let w(h) be the third derivative of 0*h - 1/6*h**3 + h**2 + 0 - 1/6*h**4. What is w(j)?
-9
Suppose -10 = -2*d - 22. Let t(k) = k**2 + 6*k + 4. What is t(d)?
4
Let g(j) = -3*j - 17 - 21 + 41. Give g(-6).
21
Let r(q) = 1 + 3074*q**3 - 2*q + q**2 - 3071*q**3 + 3*q. What is r(-1)?
-2
Suppose -4*k = -5*q + 2*q + 31, -5*k - 20 = 0. Suppose 0 = -6*y + q*y + 1. Let i(r) = -2*r - 3 + 3 - 3*r + 1. Give i(y).
-4
Let o(a) = a**3 - 4*a**2 + 4*a - 2. Suppose 3*d = -2*d + 10. Calculate o(d).
-2
Suppose 4*s - 19 = -y, 2*s + 5*y = 4*s + 7. Let t(w) be the first derivative of -w**2 + 6*w - 1. Calculate t(s).
-2
Suppose -34 = -4*w - 14. Let g(a) = 3*a - 7. What is g(w)?
8
Suppose -3*t + 5 = 2. Let c(n) be the third derivative of n**4/4 + n**3/6 + 14*n**2. Calculate c(t).
7
Let b(u) = u**3 - 2*u**2 + 4*u - 2. Let s be b(2). Let z(f) be the first derivative of -f**2/2 + 4*f + 9. What is z(s)?
-2
Let k(f) be the third derivative of -f**6/120 - f**5/12 - 5*f**3/6 + 2*f**2. Let y = -14 - -9. Calculate k(y).
-5
Let o be (-2)/(-3) - (-11)/33. Let w(t) be the first derivative of 0*t**2 + 1 + 0 + t**2. Calculate w(o).
2
Let y(l) = -3*l**3 + 6*l**2 + 5*l - 2. Let n(m) = -2*m**3 + 3*m**2 + 3*m - 1. Let a(b) = 5*n(b) - 3*y(b). Determine a(-2).
-3
Let l(i) be the third derivative of -i**4/24 + i**3 - 2*i**2. Let t be l(5). Let m(o) = t + o + o - 3*o - o**2. Give m(2).
-5
Let n(j) be the first derivative of j**3/3 + j**2/2 - 3*j - 2. Suppose 3*o - d = 6, 3 + 6 = -2*o + 5*d. Give n(o).
9
Let o(u) = u**2 + u. Let t(p) = 2*p**2 + 2*p - 2. Let f(q) = -o(q) + t(q). Determine f(-3).
4
Let z(b) = -4*b - 1. Suppose -2*r + 4*t - 2 = 0, 3*t + 0 = 3. Give z(r).
-5
Let n be 1*(-32)/(-8) - 4. Let c(i) = -5*i - 5. Let v(r) = 3*r + 3. Suppose 2 = -4*k + 30. Let l(g) = k*v(g) + 4*c(g). What is l(n)?
1
Let y(p) = p**3 - p**2 - p - 2. Let u(n) = -n**3 + n. Let z be u(1). Let c be (-9)/3 + z + 3. What is y(c)?
-2
Let p(w) = -w + 10. Let d be p(8). Let q(z) be the second derivative of -z**4/12 + z**3/2 - z**2/2 - 6*z. What is q(d)?
1
Let j(d) be the third derivative of 0*d + 0 + 1/8*d**4 + 5/6*d**3 + d**2. Let s(z) = z + 3. Let w(n) = -2*j(n) + 5*s(n). Determine w(5).
0
Let a(i) = i - 6*i + 1 + 2*i. Let v(l) = 4*l. Let p(z) = 5*a(z) + 4*v(z). Determine p(-4).
1
Let y(n) = 13*n**2 + 2*n - 14. Let k(f) = -9*f**2 - f + 10. Let z(d) = -7*k(d) - 5*y(d). Calculate z(3).
-27
Suppose 2*u = -4*s + 16, 6 = 2*s + u + u. Let j(m) = -3*m + 4 + 4*m - s. Let g = 14 - 17. Calculate j(g).
-4
Let h(y) = -3*y**2 - y + 3. Let u(s) = -s**2 + 1. Let r(b) = h(b) - 4*u(b). Determine r(5).
19
Let b(q) = 0 + 0 + 2*q**3 + 3*q**2 + 2*q. Suppose 0 = 2*g + 3*g. Suppose -a = -g*a + 2. Calculate b(a).
-8
Let f(j) = -j**2 - j - 1. Let g(b) = -b**3 + 12*b**2 + 5*b - 1. Suppose 3*p + 23 = 5*t, -6*t + 20 = -t. Let k(i) = p*g(i) - 5*f(i). What is k(7)?
6
Let d(r) = 6*r**2 + 2*r + 2. Let v(w) = -w**2 - 4*w - 3. Let s be v(-2). Let m(z) = s + 0 + 7*z**2 + 2*z + 2. Let l(g) = 6*d(g) - 5*m(g). Determine l(-3).
0
Let k(b) = 7*b + 2. Let j(i) = -22*i - 6. Let a(y) = -5*j(y) - 16*k(y). What is a(-5)?
8
Let h(n) be the first derivative of n**4/4 - 2*n**3/3 + 3*n**2/2 - 2*n + 33. What is h(2)?
4
Let q(p) be the second derivative of -p**3/6 + 17*p**2/2 - 6*p. Calculate q(0).
17
Let d(c) be the third derivative of c**4/24 + c**3/6 - 11*c**2. Suppose -2*z - b + 10 = -6*z, -2 = 2*z + b. Give d(z).
-1
Suppose -3*w - 85 = -0*f - 5*f, 3*f - 3*w - 57 = 0. Suppose 2 = -3*q + f. Let y(l) = 2*l**2 - 6*l + 4. Determine y(q).
12
Let p(s) = 2*s**3 - 2*s**2 - s. Let b be p(-1). Let g(n) = -2*n + 4*n + n - n**2 - n**3. Give g(b).
9
Let l(v) be the first derivative of v**4/4 + 5*v**3/3 + 5*v**2/2 - 8. Let s = -7 - -3. Calculate l(s).
-4
Let m(w) be the third derivative of 1/12*w**4 - 5/6*w**3 - 11*w**2 + 0 + 0*w. Calculate m(6).
7
Suppose 5*k + 5*g + 5 = 0, g - 1 = 4*k + 2*g. Suppose k = -5*w - 7 + 32. Let d(s) be the third derivative of -s**4/8 + 5*s**3/6 + 4*s**2. Calculate d(w).
-10
Let l(t) = t - 1. Let x be (-5)/(3 + -2) + -1. Calculate l(x).
-7
Let c(o) = -o**3 + 5*o**2 - o - 2. Let u = -5 - 0. Let q = u + 10. Calculate c(q).
-7
Let n(w) = w**3 + 5*w**2 + 3*w - 2. Let f be (1 + 1)*5/2. Suppose 48 = f*m - m. Suppose m = -k - 2*k. Calculate n(k).
2
Let w(b) be the third derivative of -b**5/60 + b**4/4 + 2*b**3/3 - b**2. Let h(i) = i**2 + 19*i - 13. Let l be h(-20). Give w(l).
-3
Let h(p) = -p - 6. Let z be 5/5 + -4 - 2. Calculate h(z).
-1
Suppose -6 = -3*v - 2*d + 5*d, -4*v = d - 18. Let n(z) = z**3 - 5*z**2 + 4*z + 2. Give n(v).
2
Suppose j = -s - 0*j + 6, -2*s - 3*j = -16. Let i be 3*(1 + s/6). Let g(z) = -2*z**2 + 6*z - 1. Calculate g(i).
-9
Let i(u) = -1391 + 3*u + 1391. What is i(2)?
6
Let r(i) = -i**3 - 8*i**2 - i - 5. Suppose 8 - 16 = u. Give r(u).
3
Let m(q) = q**2. Suppose -5*i + 3*n = 3 + 6, n - 3 = 0. Let y(o) = -o - 6. Let t be y(-6). Suppose 2*a = 5*b - t*a - 3, i = 4*b - 3*a - 8. What is m(b)?
1
Let d(n) be the first derivative of n**4/4 - 2*n**3/3 + n**2 - 37. Determine d(2).
4
Let x(g) = -g**2 - 7*g + 5. Let m be ((-15)/15)/((-1)/(-7)). Give x(m).
5
Suppose 2*q - 5*w + 23 = 0, 0 = 3*q - 7*q - 2*w + 14. Let l(u) = u**2 - u**2 + 2*u + 0*u**2 - 4*u**2 + q. Calculate l(-1).
-5
Suppose 2*r = 6 + 4. Suppose 0 = r*a - t + 27, -t - 18 = 3*a + a. Let f(i) = -i**2 - 5*i - 3. Give f(a).
-3
Suppose 0 = -5*t + t + 8. Let g = -5 - -11. Let y(q) = -q**3 - g*q**t - q - 5*q + q. What is y(-5)?
0
Let x(v) = -5*v**2 - 1. Let h = -41 + 66. Suppose -7*s + 4*j - h = -2*s, -3*s - 18 = -3*j. Determine x(s).
-6
Let p(t) be the third derivative of -t**4/12 + 18*t**2. Let d(f) = -f**3 - 4*f**2 - 2. Let x be d(-4). Determine p(x).
4
Let v(o) = o**3 - 6*o**2 + 6*o - 4. Suppose 4*p + 9 = -3*t - p, 0 = 3*p. Let i = 8 + t. What is v(i)?
1
Let j(o) = -7 + 13 - 2*o - 3. Determine j(2).
-1
Let a(w) = 2*w**2 + 2*w - 5. Let g(o) = -o**2 - o + 3. Let q(m) = 3*a(m) + 5*g(m). Let f = 10 - 6. Suppose f*l - 3 = 1. Determine q(l).
2
Let b be (-4)/(-4 + 0) + 5. Let t(q) = -q**3 + 7*q**2 - 5*q + 2. Calculate t(b).
8
Let s(q) = q**3 - 2*q**2 - q - 1. Let l(i) = -i**3 - i**2 + i. Let t be l(-2). Let m(d) = -d + t*d**2 - 5*d + d**3 + 3 + 3*d**2. Let j be m(-6). Give s(j).
5
Let t(x) = -x**2 + 5*x - 3. Let p be t(3). Let o be (-2 + 4)/(p/6). Suppose 0 = o*a, -3*q + q + 3*a = 0. Let y(b) = b**3 - b**2 + b - 2. Give y(q).
-2
Let o(s) = 10*s**2 - 9*s + 15. Let t(j) = -7*j**2 + 6*j - 10. Let q(h) = -5*o(h) - 7*t(h). Give q(4).
-9
Let z(w) = 5*w - 4*w - 1 + 3*w - 3*w. Let s(l) = -l**3 + l**2 - 4. Let v = 0 - 0. Let d be s(v). Calculate z(d).
-5
Let l(w) = 8*w**3 - w**2 + w + 1. Let d be (-2)/(-11) - 78/66. Calculate l(d).
-9
Let h(y) = -y - 3. Let k(m) = 1 + 4 - 4. Let z(s) = -4*h(s) - 14*k(s). Calculate z(-2).
-10
Let c = -4 - -3. Let y = 3 + c. Let d(r) = -6*r. Calculate d(y).
-12
Let o(d) = -1 - 9*d + 6*d**3 - 5*d**3 - 7*d**2 + 2 + 2. What is o(8)?
-5
Let m(n) = -n**3 + 3*n**2 + 6*n - 4. Let j(t) be the third derivative of t**4/8 + t**3/6 + 2*t**2. Let r be j(1). Determine m(r).
4
Let u = -97 + 103. Let a(d) = -d + 12. Determine a(u).
6
Let h = 112 + -115. Let g(i) = -i**3 - 4*i**2 - 2*i. What is g(h)?
-3
Suppose -2*n = 3*n. Suppose 5*c + 0*c - 5 = n. Let q(z) = z**2 + z. What is q(c)?
2
Let z(d) = -7*d + 5*d**2 + 3 - 4*d**2 + 9*d. Give z(-3).
6
Let u be -5*(-3 + 2 - 0). Suppose -x + 0*x + u*w = -29, -3*x + 2*w = -22. Let o(c) = 2 - 2*c + 3*c + x. Determine o(-5).
1
Let y(k) = 5*k - 4. Let w(i) be the second derivative of -2*i**3/3 + 5*i**2/2 - 2*i. Let f(r) = 3*w(r) + 4*y(r). Determine f(1).
7
Let i(g) = 5*g**2 + g. Let n = -4 - -5. Calculate i(n).
6
Let d(j) = -j - 3. Let a be d(-5). Let l(b) = -b + 1 - 4 + a + 5. Determine l(7).
-3
Let m be (-36)/15 + (-2)/(-5). Let d(n) = -2 - 1 - 4*n**2 + 241*n - 239*n. Let h(w) = 3*w**2 - 3*w + 4. Let s(x) = m*d(x) - 3*h(x). Determine s(4).
-2
Suppose 2*s - 2*a - 12 = -2, -a = 3. Let u(r) = 2*r + r - r - s. Suppose -5*g = -l - 10, 3*g - 3*l = -2*g + 10. What is u(g)?
2
Let y(z) = -14*z - 3. Let c(r) = -5*r - 1. Let w(p) = 17*c(p) 